214279?
2
What is the tens digit of 1287740?
4
What is the hundreds digit of 3800403?
4
What is the tens digit of 5960303?
0
What is the ten millions digit of 13646554?
1
What is the hundreds digit of 443012?
0
What is the hundred thousands digit of 980757?
9
What is the thousands digit of 3204404?
4
What is the ten thousands digit of 4218878?
1
What is the hundred thousands digit of 272295?
2
What is the units digit of 525341?
1
What is the millions digit of 9656069?
9
What is the millions digit of 1972799?
1
What is the hundreds digit of 5179655?
6
What is the hundreds digit of 69782?
7
What is the ten thousands digit of 247452?
4
What is the units digit of 308032?
2
What is the units digit of 211875?
5
What is the thousands digit of 68005?
8
What is the hundred thousands digit of 352847?
3
What is the tens digit of 2298120?
2
What is the ten millions digit of 14640101?
1
What is the tens digit of 15941472?
7
What is the thousands digit of 420099?
0
What is the thousands digit of 11051457?
1
What is the tens digit of 720550?
5
What is the tens digit of 33212?
1
What is the tens digit of 9187103?
0
What is the hundreds digit of 3014355?
3
What is the ten thousands digit of 73914?
7
What is the tens digit of 4168338?
3
What is the thousands digit of 3261303?
1
What is the ten thousands digit of 3266438?
6
What is the hundred thousands digit of 953198?
9
What is the ten thousands digit of 6337877?
3
What is the tens digit of 1099301?
0
What is the hundred thousands digit of 1716472?
7
What is the ten thousands digit of 811173?
1
What is the ten millions digit of 34848429?
3
What is the units digit of 5695992?
2
What is the ten thousands digit of 11922959?
2
What is the millions digit of 2358867?
2
What is the tens digit of 2777161?
6
What is the units digit of 169966?
6
What is the units digit of 628996?
6
What is the units digit of 630674?
4
What is the units digit of 997868?
8
What is the hundreds digit of 553078?
0
What is the hundred thousands digit of 6057958?
0
What is the tens digit of 22826527?
2
What is the hundreds digit of 94528?
5
What is the hundreds digit of 2096119?
1
What is the hundreds digit of 4361709?
7
What is the ten thousands digit of 828921?
2
What is the hundred thousands digit of 25861082?
8
What is the hundreds digit of 668863?
8
What is the thousands digit of 336306?
6
What is the thousands digit of 7777745?
7
What is the ten thousands digit of 200232?
0
What is the hundreds digit of 7691372?
3
What is the millions digit of 2620812?
2
What is the hundreds digit of 15866668?
6
What is the tens digit of 175864?
6
What is the ten millions digit of 15946349?
1
What is the ten thousands digit of 287126?
8
What is the hundred thousands digit of 229629?
2
What is the tens digit of 2295156?
5
What is the tens digit of 480686?
8
What is the units digit of 2338977?
7
What is the tens digit of 1025395?
9
What is the ten thousands digit of 2385637?
8
What is the hundred thousands digit of 21838680?
8
What is the hundreds digit of 124225?
2
What is the thousands digit of 585822?
5
What is the millions digit of 1653829?
1
What is the hundreds digit of 74460?
4
What is the hundreds digit of 926338?
3
What is the hundreds digit of 5882134?
1
What is the tens digit of 1307840?
4
What is the tens digit of 2952230?
3
What is the hundred thousands digit of 379864?
3
What is the hundreds digit of 747490?
4
What is the ten millions digit of 15071183?
1
What is the hundreds digit of 3678534?
5
What is the thousands digit of 349128?
9
What is the millions digit of 1143939?
1
What is the hundred thousands digit of 14119141?
1
What is the hundreds digit of 375787?
7
What is the units digit of 188568?
8
What is the units digit of 331837?
7
What is the tens digit of 15116895?
9
What is the units digit of 3047820?
0
What is the ten thousands digit of 51131?
5
What is the units digit of 460224?
4
What is the hundreds digit of 32003740?
7
What is the hundred thousands digit of 2038681?
0
What is the millions digit of 7127846?
7
What is the millions digit of 2615173?
2
What is the thousands digit of 471692?
1
What is the hundreds digit of 21579?
5
What is the ten thousands digit of 121560?
2
What is the thousands digit of 153072?
3
What is the thousands digit of 618317?
8
What is the units digit of 17583120?
0
What is the thousands digit of 275790?
5
What is the ten millions digit of 25731955?
2
What is the tens digit of 31232872?
7
What is the hundred thousands digit of 240414?
2
What is the units digit of 97854?
4
What is the ten thousands digit of 2346615?
4
What is the hundred thousands digit of 2902816?
9
What is the tens digit of 48592?
9
What is the ten thousands digit of 274991?
7
What is the hundred thousands digit of 403435?
4
What is the hundreds digit of 457156?
1
What is the hundred thousands digit of 434691?
4
What is the ten millions digit of 36528625?
3
What is the thousands digit of 2614072?
4
What is the hundreds digit of 1287300?
3
What is the ten thousands digit of 18570026?
7
What is the tens digit of 6951695?
9
What is the ten thousands digit of 884348?
8
What is the thousands digit of 556468?
6
What is the hundreds digit of 7881902?
9
What is the hundreds digit of 16772758?
7
What is the tens digit of 969300?
0
What is the millions digit of 2567934?
2
What is the ten thousands digit of 270784?
7
What is the thousands digit of 166913?
6
What is the units digit of 10808846?
6
What is the units digit of 392192?
2
What is the millions digit of 1078716?
1
What is the units digit of 1011705?
5
What is the millions digit of 26501088?
6
What is the units digit of 6304?
4
What is the thousands digit of 12696616?
6
What is the tens digit of 36183063?
6
What is the millions digit of 7270178?
7
What is the ten millions digit of 28859422?
2
What is the ten thousands digit of 1900332?
0
What is the ten thousands digit of 4784430?
8
What is the millions digit of 3248820?
3
What is the hundred thousands digit of 12000490?
0
What is the tens digit of 50386?
8
What is the hundreds digit of 14252264?
2
What is the tens digit of 5074?
7
What is the hundred thousands digit of 289630?
2
What is the hundreds digit of 174649?
6
What is the ten thousands digit of 1413469?
1
What is the ten thousands digit of 3293183?
9
What is the hundred thousands digit of 133522?
1
What is the ten thousands digit of 3334969?
3
What is the ten thousands digit of 339491?
3
What is the units digit of 11403248?
8
What is the thousands digit of 9264703?
4
What is the hundred thousands digit of 712269?
7
What is the tens digit of 1210029?
2
What is the hundred thousands digit of 5207894?
2
What is the thousands digit of 156730?
6
What is the tens digit of 15697?
9
What is the ten thousands digit of 241330?
4
What is the hundred thousands digit of 829876?
8
What is the tens digit of 1106752?
5
What is the hundred thousands digit of 1437216?
4
What is the units digit of 9685418?
8
What is the ten thousands digit of 122847?
2
What is the tens digit of 1089767?
6
What is the hundred thousands digit of 1019029?
0
What is the ten thousands digit of 5897567?
9
What is the thousands digit of 7045681?
5
What is the thousands digit of 5934264?
4
What is the units digit of 846102?
2
What is the hundreds digit of 238691?
6
What is the tens digit of 2253867?
6
What is the ten thousands digit of 284131?
8
What is the units digit of 228981?
1
What is the thousands digit of 1808662?
8
What is the ten thousands digit of 1490193?
9
What is the tens digit of 128413?
1
What is the ten thousands digit of 3059291?
5
What is the hundred thousands digit of 11683847?
6
What is the thousands digit of 6403794?
3
What is the thousands digit of 21825534?
5
What is the millions digit of 1488691?
1
What is the hundreds digit of 5527738?
7
What is the hundred thousands digit of 1082014?
0
What is the tens digit of 26689202?
0
What is the tens digit of 2423962?
6
What is the ten thousands digit of 322646?
2
What is the hundred thousands digit of 322492?
3
What is the hundred thousands digit of 407450?
4
What is the units digit of 428117?
7
What is the hundred thousands digit of 186897?
1
What is the hundreds digit of 497244?
2
What is the tens digit of 585341?
4
What is the thousands digit of 26379